{"id":9973,"date":"2024-01-15T18:23:48","date_gmt":"2024-01-15T17:23:48","guid":{"rendered":"https:\/\/barista.qodeinteractive.com\/?page_id=9973"},"modified":"2024-01-16T19:39:55","modified_gmt":"2024-01-16T18:39:55","slug":"home1-main","status":"publish","type":"page","link":"https:\/\/cafe-elise-schillingsfuerst.info\/","title":{"rendered":"Unser Caf\u00e9"},"content":{"rendered":"\t\t<div data-elementor-type=\"wp-page\" data-elementor-id=\"9973\" class=\"elementor elementor-9973\">\n\t\t\t\t\t\t\t<div class=\"elementor-element elementor-element-b2631fa e-flex e-con-boxed e-con e-parent\" data-id=\"b2631fa\" data-element_type=\"container\" data-settings=\"{&quot;content_width&quot;:&quot;boxed&quot;}\" data-core-v316-plus=\"true\">\n\t\t\t\t\t<div class=\"e-con-inner\">\n\t\t\t\t<div class=\"elementor-element elementor-element-21bab303 elementor-widget elementor-widget-text-editor\" data-id=\"21bab303\" data-element_type=\"widget\" data-widget_type=\"text-editor.default\">\n\t\t\t\t<div class=\"elementor-widget-container\">\n\t\t\t<style>\/*! elementor - v3.18.0 - 20-12-2023 *\/\n.elementor-widget-text-editor.elementor-drop-cap-view-stacked .elementor-drop-cap{background-color:#69727d;color:#fff}.elementor-widget-text-editor.elementor-drop-cap-view-framed .elementor-drop-cap{color:#69727d;border:3px solid;background-color:transparent}.elementor-widget-text-editor:not(.elementor-drop-cap-view-default) .elementor-drop-cap{margin-top:8px}.elementor-widget-text-editor:not(.elementor-drop-cap-view-default) .elementor-drop-cap-letter{width:1em;height:1em}.elementor-widget-text-editor .elementor-drop-cap{float:left;text-align:center;line-height:1;font-size:50px}.elementor-widget-text-editor .elementor-drop-cap-letter{display:inline-block}<\/style>\t\t\t\t<p>[vc_row content_width=&#8220;grid&#8220; content_aligment=&#8220;center&#8220; enable_ligher_effect=&#8220;yes&#8220; lighter_effect_bottom=&#8220;no&#8220; css=&#8220;.vc_custom_1497017505376{padding-top: 108px !important;padding-bottom: 60px !important;background-color: #eae7de !important;}&#8220; lighter_effect_background=&#8220;#eae7de&#8220;][vc_column]\n<p class=\"edgtf-section-subtitle\" style=\"text-align:center\">\n\tUnser Caf\u00e9<\/p>[vc_empty_space height=&#8220;25px&#8220;]<div class=\"edgtf-separator-holder clearfix  edgtf-separator-center\">\n\t<div class=\"edgtf-separator\" style=\"border-color: #c7a17a;width: 120px;border-bottom-width: 2px\"><\/div>\n<\/div>\n[vc_empty_space height=&#8220;25px&#8220;][vc_column_text]Herzlich Willkommen im Cafe Elise!<\/p>\n<p>Wir freuen uns, dass Sie den Weg zu uns gefunden haben und laden Sie ein, in gem\u00fctlicher Atmosph\u00e4re eine Auszeit zu nehmen. <br>Unser Caf\u00e9 ist bekannt f\u00fcr seinen k\u00f6stlichen Mittagstisch mit wechselnden Speisen, die frisch aus unserer hauseigenen K\u00fcche stammen. <br>Freuen Sie sich auf abwechslungsreiche und schmackhafte Gerichte, die mit Liebe zubereitet werden.<\/p>\n<p>Dar\u00fcber hinaus verw\u00f6hnen wir Sie gerne mit hausgemachten Kuchen, die Sie sich nicht entgehen lassen sollten. <br>Genie\u00dfen Sie dazu einen Espresso, einen leckeren Latte Macchiato oder auch eine gute Tasse Tee.<\/p>\n<p>F\u00fcr sonnige Tage haben wir eine gro\u00dfz\u00fcgige S\u00fcdterrasse. Hier k\u00f6nnen Sie entspannen, plaudern, <br>den Kindern beim Spielen auf dem nahegelegenen Spielplatz zuschauen oder einfach die angenehme Atmosph\u00e4re unseres <br>Caf\u00e9s in vollen Z\u00fcgen genie\u00dfen.<\/p>\n<p>Wir freuen uns darauf, Sie bei uns im Caf\u00e9 Elise begr\u00fc\u00dfen zu d\u00fcrfen und Ihnen eine unvergessliche Zeit zu bereiten. <br>Kommen Sie vorbei und lassen Sie sich von unserem freundlichen Service verw\u00f6hnen.[\/vc_column_text][\/vc_column][\/vc_row]<\/p>\t\t\t\t\t\t<\/div>\n\t\t\t\t<\/div>\n\t\t\t\t\t<\/div>\n\t\t\t\t<\/div>\n\t\t\t\t\t\t\t<\/div>\n\t\t","protected":false},"excerpt":{"rendered":"<p>[vc_row content_width=&#8220;grid&#8220; content_aligment=&#8220;center&#8220; enable_ligher_effect=&#8220;yes&#8220; lighter_effect_bottom=&#8220;no&#8220; css=&#8220;.vc_custom_1497017505376{padding-top: 108px !important;padding-bottom: 60px !important;background-color: #eae7de !important;}&#8220; lighter_effect_background=&#8220;#eae7de&#8220;][vc_column][vc_empty_space height=&#8220;25px&#8220;][vc_empty_space height=&#8220;25px&#8220;][vc_column_text]Herzlich Willkommen im Cafe Elise! Wir freuen uns, dass Sie den Weg zu uns gefunden haben&#8230;<\/p>\n","protected":false},"author":1,"featured_media":0,"parent":0,"menu_order":0,"comment_status":"closed","ping_status":"closed","template":"","meta":{"footnotes":""},"class_list":["post-9973","page","type-page","status-publish","hentry"],"_links":{"self":[{"href":"https:\/\/cafe-elise-schillingsfuerst.info\/index.php\/wp-json\/wp\/v2\/pages\/9973","targetHints":{"allow":["GET"]}}],"collection":[{"href":"https:\/\/cafe-elise-schillingsfuerst.info\/index.php\/wp-json\/wp\/v2\/pages"}],"about":[{"href":"https:\/\/cafe-elise-schillingsfuerst.info\/index.php\/wp-json\/wp\/v2\/types\/page"}],"author":[{"embeddable":true,"href":"https:\/\/cafe-elise-schillingsfuerst.info\/index.php\/wp-json\/wp\/v2\/users\/1"}],"replies":[{"embeddable":true,"href":"https:\/\/cafe-elise-schillingsfuerst.info\/index.php\/wp-json\/wp\/v2\/comments?post=9973"}],"version-history":[{"count":31,"href":"https:\/\/cafe-elise-schillingsfuerst.info\/index.php\/wp-json\/wp\/v2\/pages\/9973\/revisions"}],"predecessor-version":[{"id":14438,"href":"https:\/\/cafe-elise-schillingsfuerst.info\/index.php\/wp-json\/wp\/v2\/pages\/9973\/revisions\/14438"}],"wp:attachment":[{"href":"https:\/\/cafe-elise-schillingsfuerst.info\/index.php\/wp-json\/wp\/v2\/media?parent=9973"}],"curies":[{"name":"wp","href":"https:\/\/api.w.org\/{rel}","templated":true}]}}